{"id":98,"date":"2023-03-19T17:06:25","date_gmt":"2023-03-19T17:06:25","guid":{"rendered":"https:\/\/dmdterm21.com\/?product=hoodie-with-logo"},"modified":"2023-03-19T17:29:18","modified_gmt":"2023-03-19T17:29:18","slug":"hoodie-with-logo","status":"publish","type":"product","link":"https:\/\/dmdterm21.com\/?product=hoodie-with-logo","title":{"rendered":"Alfa Commo Compact"},"content":{"rendered":"<p>Odli\u010dan kotao koji koristi pelet kao vrstu goriva, snage 24KW. Udobnost va\u0161eg doma \u0107e tek do\u0107i do izra\u017eaja kada budete osetili toplotu ove fantasti\u010dne pe\u0107i.<\/p>\n","protected":false},"excerpt":{"rendered":"<p>Odli\u010dna pe\u0107.<\/p>\n","protected":false},"featured_media":99,"comment_status":"open","ping_status":"closed","template":"","meta":[],"product_brand":[],"product_cat":[21],"product_tag":[],"class_list":{"0":"post-98","1":"product","2":"type-product","3":"status-publish","4":"has-post-thumbnail","6":"product_cat-kotlovi-na-pelet","8":"first","9":"instock","10":"sale","11":"shipping-taxable","12":"purchasable","13":"product-type-simple"},"_links":{"self":[{"href":"https:\/\/dmdterm21.com\/index.php?rest_route=\/wp\/v2\/product\/98","targetHints":{"allow":["GET"]}}],"collection":[{"href":"https:\/\/dmdterm21.com\/index.php?rest_route=\/wp\/v2\/product"}],"about":[{"href":"https:\/\/dmdterm21.com\/index.php?rest_route=\/wp\/v2\/types\/product"}],"replies":[{"embeddable":true,"href":"https:\/\/dmdterm21.com\/index.php?rest_route=%2Fwp%2Fv2%2Fcomments&post=98"}],"wp:featuredmedia":[{"embeddable":true,"href":"https:\/\/dmdterm21.com\/index.php?rest_route=\/wp\/v2\/media\/99"}],"wp:attachment":[{"href":"https:\/\/dmdterm21.com\/index.php?rest_route=%2Fwp%2Fv2%2Fmedia&parent=98"}],"wp:term":[{"taxonomy":"product_brand","embeddable":true,"href":"https:\/\/dmdterm21.com\/index.php?rest_route=%2Fwp%2Fv2%2Fproduct_brand&post=98"},{"taxonomy":"product_cat","embeddable":true,"href":"https:\/\/dmdterm21.com\/index.php?rest_route=%2Fwp%2Fv2%2Fproduct_cat&post=98"},{"taxonomy":"product_tag","embeddable":true,"href":"https:\/\/dmdterm21.com\/index.php?rest_route=%2Fwp%2Fv2%2Fproduct_tag&post=98"}],"curies":[{"name":"wp","href":"https:\/\/api.w.org\/{rel}","templated":true}]}}